{"id":384,"date":"2012-08-06T17:38:28","date_gmt":"2012-08-06T15:38:28","guid":{"rendered":"http:\/\/www.jelu-werk.com\/?page_id=384"},"modified":"2024-09-04T11:01:59","modified_gmt":"2024-09-04T09:01:59","slug":"jelucel-of-haferfaser","status":"publish","type":"page","link":"https:\/\/www.jelu-werk.com\/de\/cellulose\/produkte\/pflanzenfasern\/jelucel-of-haferfaser\/","title":{"rendered":"JELUCEL OF &#8211; Haferfaser"},"content":{"rendered":"\n<div class=\"wp-block-columns jelu-columns-wrapper is-layout-flex wp-container-core-columns-is-layout-9d6595d7 wp-block-columns-is-layout-flex\">\n<div class=\"wp-block-column jelu-column-content is-layout-flow wp-block-column-is-layout-flow\" style=\"flex-basis:66.666666%\">\n<h1 class=\"wp-block-heading\">Haferfaser f\u00fcr die Lebensmittelproduktion<\/h1>\n\n\n\n<p>Unsere Haferfaser JELUCEL\u00ae OF ist ein gelblichwei\u00dfes, aus der Haferspelzkleie gewonnenes Ballaststoffkonzentrat, das sowohl in Pulver- als auch in Faserform erh\u00e4ltlich ist.<\/p>\n\n\n\n<p>JELUCEL\u00ae OF hat einen Ballaststoffgehalt von \u00fcber 98 % und eignet sich auf Grund seines neutralen Geschmacks und inerten Charakters auf ideale Weise zum Einsatz in Lebensmittel.<\/p>\n\n\n\n<p>Die Haferfaser bietet sowohl die ern\u00e4hrungsphysiologischen (z.B. Ballaststoffanreicherung, Kalorienreduktion) als auch die technologischen (z.B. Texturverbesserung, Wasserbindung) Vorz\u00fcge von Ballaststoffkonzentraten und l\u00e4sst sich somit vielseitig in der Produktentwicklung einsetzen.<\/p>\n\n\n\n<p>JELUCEL\u00ae OF ist in Faserl\u00e4ngen zwischen 30 und 1000 \u00b5m erh\u00e4ltlich.<\/p>\n\n\n\n<h2 class=\"wp-block-heading\">Einsatzm\u00f6glichkeiten und Kennzeichnung<\/h2>\n\n\n\n<p>Unsere nat\u00fcrliche Haferfaser kann grunds\u00e4tzlich f\u00fcr die Lebensmittelherstellung, z.B. zur Erh\u00f6hung des Ballaststoffanteils verschiedener Erzeugnisse eingesetzt werden.<\/p>\n\n\n\n<p>Je nach Anwendungsfall kann JELUCEL\u00ae OF z.B. als Haferballaststoff oder Haferpflanzenfaser deklariert werden.<\/p>\n\n\n\n<p class=\"infobox paragraph\">Bitte beachten Sie jedoch, dass sowohl die Verwendungsbedingungen als auch die Deklarationsm\u00f6glichkeiten von JELUCEL\u00ae OF von der spezifischen Zusammensetzung und Positionierung des Endproduktes abh\u00e4ngig sind und im Einzelfall auch unter Ber\u00fccksichtigung einzelprodukt- und l\u00e4nderspezifischer Vorschriften zu \u00fcberpr\u00fcfen sind.<\/p>\n<\/div>\n\n\n\n<div class=\"wp-block-column jelu-column-sidebar is-layout-flow wp-block-column-is-layout-flow\" style=\"flex-basis:33.333333%\">\n<div class=\"wp-block-group jelu-widget has-white-color has-primary-background-color has-text-color has-background is-layout-flow wp-block-group-is-layout-flow\">\n<h2 class=\"wp-block-heading\">JELUCEL\u00ae WF &#8211; Produkttypen<\/h2>\n\n\n\n<ul class=\"wp-block-list buttons\">\n<li><a href=\"https:\/\/www.jelu-werk.com\/cellulose\/produkte\/pflanzenfasern\/jelucel-of-haferfaser\/jelucel-of-feine-typen\/\">Feine Typen<\/a><\/li>\n\n\n\n<li><a href=\"https:\/\/www.jelu-werk.com\/cellulose\/produkte\/pflanzenfasern\/jelucel-of-haferfaser\/jelucel-of-grobe-typen\/\">Grobe Typen<\/a><\/li>\n<\/ul>\n<\/div>\n\n\n\n<div class=\"wp-block-group jelu-widget has-white-color has-primary-background-color has-text-color has-background is-layout-flow wp-block-group-is-layout-flow\">\n<h2 class=\"wp-block-heading\">M\u00f6gliche Anwendungen<\/h2>\n\n\n\n<h3 class=\"wp-block-heading\">Getreideprodukte<\/h3>\n\n\n\n<ul class=\"wp-block-list\"><li>Brote<\/li><li>Cerealien<\/li><li>Kr\u00e4cker<\/li><li>Waffeln<\/li><\/ul>\n\n\n\n<h3 class=\"wp-block-heading\">Fleisch und Wurst<\/h3>\n\n\n\n<ul class=\"wp-block-list\"><li>Fleischwaren<\/li><li>Wurstwaren<\/li><\/ul>\n\n\n\n<h3 class=\"wp-block-heading\">Teigwaren<\/h3>\n\n\n\n<ul class=\"wp-block-list\"><li>Nudeln<\/li><li>Teigtaschen mit F\u00fcllung<\/li><\/ul>\n\n\n\n<h3 class=\"wp-block-heading\">Molkereiprodukte<\/h3>\n\n\n\n<ul class=\"wp-block-list\"><li>K\u00e4se<\/li><li>Dressing<\/li><li>Joghurt<\/li><\/ul>\n\n\n\n<h3 class=\"wp-block-heading\">Tiefk\u00fchlprodukte<\/h3>\n\n\n\n<ul class=\"wp-block-list\"><li>Fertiggerichte<\/li><li>Teiglinge<\/li><li>Fleischwaren<\/li><\/ul>\n\n\n\n<h3 class=\"wp-block-heading\">S\u00fc\u00dfwaren<\/h3>\n\n\n\n<ul class=\"wp-block-list\"><li>Schokoriegel<\/li><li>Marshmallows<\/li><li>Geleeprodukte<\/li><\/ul>\n\n\n\n<h3 class=\"wp-block-heading\">Instantprodukte<\/h3>\n\n\n\n<ul class=\"wp-block-list\"><li>Aromen<\/li><li>Getr\u00e4nke<\/li><li>Suppen<\/li><li>Gew\u00fcrze<\/li><\/ul>\n<\/div>\n<\/div>\n<\/div>\n","protected":false},"excerpt":{"rendered":"<p>Haferfaser f\u00fcr die Lebensmittelproduktion Unsere Haferfaser JELUCEL\u00ae OF ist ein gelblichwei\u00dfes, aus der Haferspelzkleie gewonnenes Ballaststoffkonzentrat, das sowohl in Pulver- als auch in Faserform erh\u00e4ltlich ist. JELUCEL\u00ae OF hat einen Ballaststoffgehalt von \u00fcber 98 % und eignet sich auf Grund seines neutralen Geschmacks und inerten Charakters auf ideale Weise zum Einsatz in Lebensmittel. Die Haferfaser [&hellip;]<\/p>\n","protected":false},"author":2,"featured_media":0,"parent":356,"menu_order":8,"comment_status":"closed","ping_status":"closed","template":"page-2-col-sidebar-right.php","meta":{"_acf_changed":false,"footnotes":""},"class_list":["post-384","page","type-page","status-publish","hentry"],"acf":[],"_links":{"self":[{"href":"https:\/\/www.jelu-werk.com\/de\/wp-json\/wp\/v2\/pages\/384","targetHints":{"allow":["GET"]}}],"collection":[{"href":"https:\/\/www.jelu-werk.com\/de\/wp-json\/wp\/v2\/pages"}],"about":[{"href":"https:\/\/www.jelu-werk.com\/de\/wp-json\/wp\/v2\/types\/page"}],"author":[{"embeddable":true,"href":"https:\/\/www.jelu-werk.com\/de\/wp-json\/wp\/v2\/users\/2"}],"replies":[{"embeddable":true,"href":"https:\/\/www.jelu-werk.com\/de\/wp-json\/wp\/v2\/comments?post=384"}],"version-history":[{"count":4,"href":"https:\/\/www.jelu-werk.com\/de\/wp-json\/wp\/v2\/pages\/384\/revisions"}],"predecessor-version":[{"id":5293122,"href":"https:\/\/www.jelu-werk.com\/de\/wp-json\/wp\/v2\/pages\/384\/revisions\/5293122"}],"up":[{"embeddable":true,"href":"https:\/\/www.jelu-werk.com\/de\/wp-json\/wp\/v2\/pages\/356"}],"wp:attachment":[{"href":"https:\/\/www.jelu-werk.com\/de\/wp-json\/wp\/v2\/media?parent=384"}],"curies":[{"name":"wp","href":"https:\/\/api.w.org\/{rel}","templated":true}]}}

<div class="wp-block-columns jelu-columns-wrapper is-layout-flex wp-container-core-columns-is-layout-9d6595d7 wp-block-columns-is-layout-flex">
<div class="wp-block-column jelu-column-content is-layout-flow wp-block-column-is-layout-flow" style="flex-basis:66.666666%">
<h1 class="wp-block-heading">Haferfaser für die Lebensmittelproduktion</h1>



<p>Unsere Haferfaser JELUCEL® OF ist ein gelblichweißes, aus der Haferspelzkleie gewonnenes Ballaststoffkonzentrat, das sowohl in Pulver- als auch in Faserform erhältlich ist.</p>



<p>JELUCEL® OF hat einen Ballaststoffgehalt von über 98 % und eignet sich auf Grund seines neutralen Geschmacks und inerten Charakters auf ideale Weise zum Einsatz in Lebensmittel.</p>



<p>Die Haferfaser bietet sowohl die ernährungsphysiologischen (z.B. Ballaststoffanreicherung, Kalorienreduktion) als auch die technologischen (z.B. Texturverbesserung, Wasserbindung) Vorzüge von Ballaststoffkonzentraten und lässt sich somit vielseitig in der Produktentwicklung einsetzen.</p>



<p>JELUCEL® OF ist in Faserlängen zwischen 30 und 1000 µm erhältlich.</p>



<h2 class="wp-block-heading">Einsatzmöglichkeiten und Kennzeichnung</h2>



<p>Unsere natürliche Haferfaser kann grundsätzlich für die Lebensmittelherstellung, z.B. zur Erhöhung des Ballaststoffanteils verschiedener Erzeugnisse eingesetzt werden.</p>



<p>Je nach Anwendungsfall kann JELUCEL® OF z.B. als Haferballaststoff oder Haferpflanzenfaser deklariert werden.</p>



<p class="infobox paragraph">Bitte beachten Sie jedoch, dass sowohl die Verwendungsbedingungen als auch die Deklarationsmöglichkeiten von JELUCEL® OF von der spezifischen Zusammensetzung und Positionierung des Endproduktes abhängig sind und im Einzelfall auch unter Berücksichtigung einzelprodukt- und länderspezifischer Vorschriften zu überprüfen sind.</p>
</div>



<div class="wp-block-column jelu-column-sidebar is-layout-flow wp-block-column-is-layout-flow" style="flex-basis:33.333333%">
<div class="wp-block-group jelu-widget has-white-color has-primary-background-color has-text-color has-background is-layout-flow wp-block-group-is-layout-flow">
<h2 class="wp-block-heading">JELUCEL® WF &#8211; Produkttypen</h2>



<ul class="wp-block-list buttons">
<li><a href="https://www.jelu-werk.com/cellulose/produkte/pflanzenfasern/jelucel-of-haferfaser/jelucel-of-feine-typen/">Feine Typen</a></li>



<li><a href="https://www.jelu-werk.com/cellulose/produkte/pflanzenfasern/jelucel-of-haferfaser/jelucel-of-grobe-typen/">Grobe Typen</a></li>
</ul>
</div>



<div class="wp-block-group jelu-widget has-white-color has-primary-background-color has-text-color has-background is-layout-flow wp-block-group-is-layout-flow">
<h2 class="wp-block-heading">Mögliche Anwendungen</h2>



<h3 class="wp-block-heading">Getreideprodukte</h3>



<ul class="wp-block-list"><li>Brote</li><li>Cerealien</li><li>Kräcker</li><li>Waffeln</li></ul>



<h3 class="wp-block-heading">Fleisch und Wurst</h3>



<ul class="wp-block-list"><li>Fleischwaren</li><li>Wurstwaren</li></ul>



<h3 class="wp-block-heading">Teigwaren</h3>



<ul class="wp-block-list"><li>Nudeln</li><li>Teigtaschen mit Füllung</li></ul>



<h3 class="wp-block-heading">Molkereiprodukte</h3>



<ul class="wp-block-list"><li>Käse</li><li>Dressing</li><li>Joghurt</li></ul>



<h3 class="wp-block-heading">Tiefkühlprodukte</h3>



<ul class="wp-block-list"><li>Fertiggerichte</li><li>Teiglinge</li><li>Fleischwaren</li></ul>



<h3 class="wp-block-heading">Süßwaren</h3>



<ul class="wp-block-list"><li>Schokoriegel</li><li>Marshmallows</li><li>Geleeprodukte</li></ul>



<h3 class="wp-block-heading">Instantprodukte</h3>



<ul class="wp-block-list"><li>Aromen</li><li>Getränke</li><li>Suppen</li><li>Gewürze</li></ul>
</div>
</div>
</div>

<p>Haferfaser für die Lebensmittelproduktion Unsere Haferfaser JELUCEL® OF ist ein gelblichweißes, aus der Haferspelzkleie gewonnenes Ballaststoffkonzentrat, das sowohl in Pulver- als auch in Faserform erhältlich ist. JELUCEL® OF hat einen Ballaststoffgehalt von über 98 % und eignet sich auf Grund seines neutralen Geschmacks und inerten Charakters auf ideale Weise zum Einsatz in Lebensmittel. Die Haferfaser [&hellip;]</p>
